e
Does 20 divide 35?
False
Is 45 a factor of 5258?
False
Is 588 a multiple of 28?
True
Is 1776 a multiple of 24?
True
Is 25 a factor of 650?
True
Does 39 divide 61?
False
Is 20643 a multiple of 23?
False
Is 31428 a multiple of 9?
True
Does 2 divide 302?
True
Does 8 divide 12376?
True
Is 64 a factor of 132138?
False
Does 88 divide 704?
True
Is 8569 a multiple of 19?
True
Is 7480 a multiple of 19?
False
Is 3776 a multiple of 16?
True
Is 117 a factor of 4757?
False
Is 117536 a multiple of 16?
True
Is 2179 a multiple of 40?
False
Does 16 divide 51104?
True
Is 4756 a multiple of 82?
True
Is 13 a factor of 29965?
True
Does 5 divide 4088?
False
Is 720 a multiple of 27?
False
Is 39 a factor of 1950?
True
Does 14 divide 724?
False
Is 7890 a multiple of 30?
True
Is 784 a multiple of 196?
True
Is 26652 a multiple of 123?
False
Is 16 a multiple of 15?
False
Does 22 divide 480?
False
Does 8 divide 392?
True
Is 8 a factor of 6072?
True
Is 6 a factor of 858?
True
Is 6 a factor of 2886?
True
Does 10 divide 494?
False
Does 52 divide 11347?
False
Is 15 a factor of 13065?
True
Is 925 a multiple of 6?
False
Is 13 a factor of 30615?
True
Does 12 divide 1203?
False
Is 137 a factor of 52471?
True
Does 4 divide 137?
False
Does 27 divide 4212?
True
Is 30 a factor of 750?
True
Is 78 a factor of 9627?
False
Does 55 divide 1928?
False
Is 1073 a multiple of 29?
True
Is 188 a factor of 14852?
True
Is 6 a factor of 17160?
True
Is 13 a factor of 1105?
True
Does 53 divide 1305?
False
Is 269 a multiple of 10?
False
Is 4841 a multiple of 31?
False
Is 26 a factor of 2295?
False
Does 12 divide 4398?
False
Is 140 a multiple of 4?
True
Is 434 a multiple of 7?
True
Is 105 a factor of 2797?
False
Is 35 a factor of 22885?
False
Is 25 a factor of 7143?
False
Does 20 divide 1200?
True
Is 142 a multiple of 41?
False
Does 50 divide 1030?
False
Is 6 a factor of 3582?
True
Is 2657 a multiple of 36?
False
Is 11 a factor of 32593?
True
Is 46 a multiple of 12?
False
Is 4559 a multiple of 119?
False
Is 840 a multiple of 12?
True
Is 64 a factor of 262?
False
Is 10584 a multiple of 168?
True
Is 119 a factor of 82705?
True
Is 891 a multiple of 99?
True
Is 18732 a multiple of 12?
True
Is 7016 a multiple of 16?
False
Does 10 divide 2120?
True
Is 1131 a multiple of 23?
False
Does 6 divide 13361?
False
Does 70 divide 1190?
True
Is 10930 a multiple of 13?
False
Does 101 divide 29997?
True
Is 54 a factor of 1901?
False
Does 38 divide 448?
False
Does 22 divide 881?
False
Is 65 a factor of 2470?
True
Is 18 a factor of 3798?
True
Is 6786 a multiple of 18?
True
Is 178 a multiple of 43?
False
Does 32 divide 538?
False
Is 6 a factor of 456?
True
Is 11 a factor of 11802?
False
Does 49 divide 40278?
True
Is 1008 a multiple of 48?
True
Does 11 divide 914?
False
Does 24 divide 19341?
False
Does 147 divide 26235?
False
Is 577 a multiple of 14?
False
Is 3 a factor of 229?
False
Is 3656 a multiple of 30?
False
Is 30 a factor of 7170?
True
Does 78 divide 33072?
True
Is 4 a factor of 100?
True
Is 31 a factor of 2883?
True
Does 11 divide 3594?
False
Does 6 divide 493?
False
Does 7 divide 1113?
True
Does 17 divide 166?
False
Is 107 a factor of 214?
True
Is 10 a factor of 23600?
True
Is 50 a factor of 5900?
True
Is 462 a multiple of 33?
True
Does 11 divide 12298?
True
Is 124 a factor of 40796?
True
Does 63 divide 83979?
True
Does 7 divide 422?
False
Is 2999 a multiple of 4?
False
Is 69 a factor of 3243?
True
Is 5 a factor of 332?
False
Does 46 divide 18195?
False
Does 76 divide 7904?
True
Is 11970 a multiple of 19?
True
Does 3 divide 3948?
True
Is 78 a factor of 11722?
False
Is 249 a multiple of 83?
True
Does 3 divide 81?
True
Is 14 a factor of 4718?
True
Is 1596 a multiple of 34?
False
Is 13 a factor of 10621?
True
Is 624 a multiple of 8?
True
Is 42 a factor of 9974?
False
Is 39056 a multiple of 181?
False
Is 5 a factor of 190?
True
Does 21 divide 903?
True
Is 17 a factor of 3043?
True
Does 111 divide 111?
True
Is 7 a factor of 1365?
True
Is 20 a factor of 1220?
True
Is 378 a multiple of 6?
True
Is 8 a factor of 8136?
True
Is 3400 a multiple of 34?
True
Is 200 a factor of 2238?
False
Does 14 divide 343?
False
Is 504 a multiple of 63?
True
Is 16802 a multiple of 62?
True
Is 16200 a multiple of 162?
True
Is 618 a multiple of 54?
False
Is 241 a multiple of 2?
False
Is 2 a factor of 289?
False
Is 144 a factor of 8885?
False
Is 767 a multiple of 13?
True
Is 2295 a multiple of 45?
True
Does 2 divide 1972?
True
Is 10 a factor of 8342?
False
Does 125 divide 3942?
False
Does 212 divide 72504?
True
Is 9 a factor of 320?
False
Does 6 divide 420?
True
Is 46 a factor of 788?
False
Is 1407 a multiple of 33?
False
Is 4771 a multiple of 13?
True
Is 14 a factor of 462?
True
Is 45 a factor of 870?
False
Is 22 a factor of 11506?
True
Is 53 a factor of 2014?
True
Is 12 a factor of 36?
True
Is 89 a factor of 33098?
False
Does 86 divide 7766?
False
Does 187 divide 7366?
False
Does 4 divide 7605?
False
Does 10 divide 7831?
False
Does 83 divide 5708?
False
Is 6670 a multiple of 115?
True
Is 1257 a multiple of 40?
False
Is 53 a factor of 1065?
False
Is 16 a factor of 9955?
False
Does 4 divide 400?
True
Is 89973 a multiple of 13?
True
Is 372 a multiple of 7?
False
Is 3744 a multiple of 12?
True
Is 106 a factor of 2261?
False
Is 12 a factor of 252?
True
Is 27 a factor of 21127?
False
Is 11817 a multiple of 118?
False
Is 14 a factor of 84?
True
Does 135 divide 28261?
False
Is 53 a factor of 25599?
True
Is 196 a multiple of 49?
True
Does 19 divide 399?
True
Does 78 divide 50466?
True
Is 199 a multiple of 15?
False
Does 134 divide 23450?
True
Is 26 a factor of 4156?
False
Is 1167 even?
False
Is 57207 a multiple of 17?
False
Does 14 divide 60?
False
Is 21 a factor of 515?
False
Does 14 divide 420?
True
Does 5 divide 980?
True
Does 30 divide 35070?
True
Is 32928 a multiple of 147?
True
Does 229 divide 33044?
False
Is 2646 a multiple of 98?
True
Does 41 divide 80266?
False
Is 16583 a multiple of 32?
False
Is 1411 a multiple of 17?
True
Is 41 a factor of 8528?
True
Is 321 a multiple of 11?
False
Is 34 a factor of 400?
False
Is 112 a factor of 2800?
True
Does 177 divide 23541?
True
Is 684 a multiple of 18?
True
Is 95 a factor of 2850?
True
Is 3038 a multiple of 62?
True
Is 26 a factor of 84?
False
Is 1925 a multiple of 2?
False
Is 31 a factor of 1493?
False
Does 19 divide 11514?
True
Does 18 divide 31464?
True
Is 66253 a multiple of 7?
False
Is 31 a factor of 3379?
True
Does 44 divide 26615?
False
Is 74 a factor of 89?
False
Is 5 a factor of 6569?
False
Is 81 a factor of 930?
False
Is 27 a factor of 6003?
False
Does 40 divide 116?
False
Is 66 a multiple of 3?
True
Is 12 a factor of 8424?
True
Is 2331 a multiple of 5?
False
Does 8 divide 12019?
False
Is 391 a multiple of 52?
False
Does 128 divide 6203?
False
Does 27 divide 511?
False
Is 4640 a multiple of 5?
True
Is 8 a factor of 225?
False
Is 6 a factor of 324?
True
Is 60480 a multiple of 90?
True
Is 286 a factor of 36894?
True
Is 42 a multiple of 10?
False
Is 687 a multiple of 7?
False
Is 651 a multiple of 21?
True
Is 23540 a multiple of 234?
False
Is 13 a factor of 1513?
False
Does 209 divide 35948?
True
Does 30 divide 123200?
False
Is 13 a factor of 532?
False
Does 18 divide 3186?
True
Does 8 divide 736?
True
Is 147764 a multiple of 41?
True
Does 8 divide 56?
True
Is 1772 a multiple of 20?
False
Does 11 divide 115?
False
Is 75 a factor of 9317?
False
Does 54 divide 702?
True
Does 7 divide 3732?
False
Is 511 a multiple of 73?
True
Is 4 a factor of 21198?
False
Does 19 divide 2546?
True
Does 29 divide 687?
False
Is 2 a factor of 185?
False
Does 28 divide 27440?
True
Does 55 divide 935?
True
Does 21 divide 2058?
True
Is 1050 a multiple of 10?
True
Is 31004 a multiple of 12?
False
Is 94861 a multiple of 12?
False
Does 46 divide 44503?
False
Does 16 divide 3072?
True
Is 1024 a multiple of 32?
True
Is 60 a multiple of 20?
True
Is 7021 a multiple of 7?
True
Is 8 a factor of 173?
False
Does 14 divide 5908?
True
Is 17980 a multiple of 20?
True
Does 5 divide 6125?
True
Is 2142 a multiple of 17?
True
Is 15 a factor of 95625?
True
Is 837 a multiple of 100?
False
Is 4 a factor of 6831?
False
Is 40 a factor of 3925?
False
Is 62 a factor of 248?
True
Is 8 a factor of 448?
True
Does 3 divide 374?
False
Is 3841 a